{"id":5185,"date":"2024-03-07T14:48:36","date_gmt":"2024-03-07T17:48:36","guid":{"rendered":"https:\/\/centraldenegociosaraxa.com.br\/?page_id=5185"},"modified":"2024-03-11T17:24:51","modified_gmt":"2024-03-11T20:24:51","slug":"seguros-e-consorcios","status":"publish","type":"page","link":"https:\/\/centraldenegociosaraxa.com.br\/?page_id=5185","title":{"rendered":"Seguros e Cons\u00f3rcios"},"content":{"rendered":"\t\t<div data-elementor-type=\"wp-page\" data-elementor-id=\"5185\" class=\"elementor elementor-5185\">\n\t\t\t\t<div class=\"elementor-element elementor-element-f1db3f1 e-flex e-con-boxed e-con e-parent\" data-id=\"f1db3f1\" data-element_type=\"container\" data-settings=\"{&quot;content_width&quot;:&quot;boxed&quot;}\" data-core-v316-plus=\"true\">\n\t\t\t\t\t<div class=\"e-con-inner\">\n\t\t\t\t<div class=\"elementor-element elementor-element-f7b9d26 elementor-widget elementor-widget-image\" data-id=\"f7b9d26\" data-element_type=\"widget\" data-widget_type=\"image.default\">\n\t\t\t\t<div class=\"elementor-widget-container\">\n\t\t\t<style>\/*! elementor - v3.19.0 - 28-02-2024 *\/\n.elementor-widget-image{text-align:center}.elementor-widget-image a{display:inline-block}.elementor-widget-image a img[src$=\".svg\"]{width:48px}.elementor-widget-image img{vertical-align:middle;display:inline-block}<\/style>\t\t\t\t\t\t\t\t\t\t<img fetchpriority=\"high\" decoding=\"async\" width=\"828\" height=\"552\" src=\"https:\/\/centraldenegociosaraxa.com.br\/wp-content\/uploads\/2024\/03\/AdobeStock_245005284-1024x683.jpeg\" class=\"attachment-large size-large wp-image-5188\" alt=\"\" srcset=\"https:\/\/centraldenegociosaraxa.com.br\/wp-content\/uploads\/2024\/03\/AdobeStock_245005284-1024x683.jpeg 1024w, https:\/\/centraldenegociosaraxa.com.br\/wp-content\/uploads\/2024\/03\/AdobeStock_245005284-300x200.jpeg 300w, https:\/\/centraldenegociosaraxa.com.br\/wp-content\/uploads\/2024\/03\/AdobeStock_245005284-768x512.jpeg 768w, https:\/\/centraldenegociosaraxa.com.br\/wp-content\/uploads\/2024\/03\/AdobeStock_245005284-1536x1024.jpeg 1536w, https:\/\/centraldenegociosaraxa.com.br\/wp-content\/uploads\/2024\/03\/AdobeStock_245005284-2048x1365.jpeg 2048w, https:\/\/centraldenegociosaraxa.com.br\/wp-content\/uploads\/2024\/03\/AdobeStock_245005284-150x100.jpeg 150w, https:\/\/centraldenegociosaraxa.com.br\/wp-content\/uploads\/2024\/03\/AdobeStock_245005284-488x326.jpeg 488w\" sizes=\"(max-width: 828px) 100vw, 828px\" \/>\t\t\t\t\t\t\t\t\t\t\t\t\t<\/div>\n\t\t\t\t<\/div>\n\t\t\t\t\t<\/div>\n\t\t\t\t<\/div>\n\t\t<div class=\"elementor-element elementor-element-ba1455d e-flex e-con-boxed e-con e-parent\" data-id=\"ba1455d\" data-element_type=\"container\" data-settings=\"{&quot;content_width&quot;:&quot;boxed&quot;}\" data-core-v316-plus=\"true\">\n\t\t\t\t\t<div class=\"e-con-inner\">\n\t\t\t\t<div class=\"elementor-element elementor-element-0ad0ff2 elementor-widget elementor-widget-heading\" data-id=\"0ad0ff2\" data-element_type=\"widget\" data-widget_type=\"heading.default\">\n\t\t\t\t<div class=\"elementor-widget-container\">\n\t\t\t<style>\/*! elementor - v3.19.0 - 28-02-2024 *\/\n.elementor-heading-title{padding:0;margin:0;line-height:1}.elementor-widget-heading .elementor-heading-title[class*=elementor-size-]>a{color:inherit;font-size:inherit;line-height:inherit}.elementor-widget-heading .elementor-heading-title.elementor-size-small{font-size:15px}.elementor-widget-heading .elementor-heading-title.elementor-size-medium{font-size:19px}.elementor-widget-heading .elementor-heading-title.elementor-size-large{font-size:29px}.elementor-widget-heading .elementor-heading-title.elementor-size-xl{font-size:39px}.elementor-widget-heading .elementor-heading-title.elementor-size-xxl{font-size:59px}<\/style><h2 class=\"elementor-heading-title elementor-size-default\">Aproveite o melhor da vida enquanto o que voc\u00ea tem de mais valioso est\u00e1 protegido!<\/h2>\t\t<\/div>\n\t\t\t\t<\/div>\n\t\t\t\t<div class=\"elementor-element elementor-element-4388a50 elementor-widget elementor-widget-heading\" data-id=\"4388a50\" data-element_type=\"widget\" data-widget_type=\"heading.default\">\n\t\t\t\t<div class=\"elementor-widget-container\">\n\t\t\t<h2 class=\"elementor-heading-title elementor-size-default\">Entre em contato com um de nossos corretores e fa\u00e7a uma cota\u00e7\u00e3o de Seguro ou Cons\u00f3rcio.<\/h2>\t\t<\/div>\n\t\t\t\t<\/div>\n\t\t\t\t<div class=\"elementor-element elementor-element-c544f60 elementor-align-center elementor-widget elementor-widget-button\" data-id=\"c544f60\" data-element_type=\"widget\" data-widget_type=\"button.default\">\n\t\t\t\t<div class=\"elementor-widget-container\">\n\t\t\t\t\t<div class=\"elementor-button-wrapper\">\n\t\t\t<a class=\"elementor-button elementor-button-link elementor-size-sm\" href=\"https:\/\/centraldenegociosaraxa.com.br\/?page_id=60\">\n\t\t\t\t\t\t<span class=\"elementor-button-content-wrapper\">\n\t\t\t\t\t\t<span class=\"elementor-button-icon elementor-align-icon-left\">\n\t\t\t\t<svg aria-hidden=\"true\" class=\"e-font-icon-svg e-far-arrow-alt-circle-right\" viewBox=\"0 0 512 512\" xmlns=\"http:\/\/www.w3.org\/2000\/svg\"><path d=\"M504 256C504 119 393 8 256 8S8 119 8 256s111 248 248 248 248-111 248-248zm-448 0c0-110.5 89.5-200 200-200s200 89.5 200 200-89.5 200-200 200S56 366.5 56 256zm72 20v-40c0-6.6 5.4-12 12-12h116v-67c0-10.7 12.9-16 20.5-8.5l99 99c4.7 4.7 4.7 12.3 0 17l-99 99c-7.6 7.6-20.5 2.2-20.5-8.5v-67H140c-6.6 0-12-5.4-12-12z\"><\/path><\/svg>\t\t\t<\/span>\n\t\t\t\t\t\t<span class=\"elementor-button-text\">Fale com um Corretor<\/span>\n\t\t<\/span>\n\t\t\t\t\t<\/a>\n\t\t<\/div>\n\t\t\t\t<\/div>\n\t\t\t\t<\/div>\n\t\t\t\t\t<\/div>\n\t\t\t\t<\/div>\n\t\t\t\t<\/div>\n\t\t","protected":false},"excerpt":{"rendered":"<p>Aproveite o melhor da vida enquanto o que voc\u00ea tem de mais valioso est\u00e1 protegido! Entre em contato com um de nossos corretores e fa\u00e7a uma cota\u00e7\u00e3o de Seguro ou Cons\u00f3rcio. Fale com um Corretor<\/p>\n","protected":false},"author":1,"featured_media":0,"parent":0,"menu_order":0,"comment_status":"closed","ping_status":"closed","template":"","meta":{"footnotes":""},"class_list":["post-5185","page","type-page","status-publish","hentry"],"_links":{"self":[{"href":"https:\/\/centraldenegociosaraxa.com.br\/index.php?rest_route=\/wp\/v2\/pages\/5185","targetHints":{"allow":["GET"]}}],"collection":[{"href":"https:\/\/centraldenegociosaraxa.com.br\/index.php?rest_route=\/wp\/v2\/pages"}],"about":[{"href":"https:\/\/centraldenegociosaraxa.com.br\/index.php?rest_route=\/wp\/v2\/types\/page"}],"author":[{"embeddable":true,"href":"https:\/\/centraldenegociosaraxa.com.br\/index.php?rest_route=\/wp\/v2\/users\/1"}],"replies":[{"embeddable":true,"href":"https:\/\/centraldenegociosaraxa.com.br\/index.php?rest_route=%2Fwp%2Fv2%2Fcomments&post=5185"}],"version-history":[{"count":28,"href":"https:\/\/centraldenegociosaraxa.com.br\/index.php?rest_route=\/wp\/v2\/pages\/5185\/revisions"}],"predecessor-version":[{"id":5231,"href":"https:\/\/centraldenegociosaraxa.com.br\/index.php?rest_route=\/wp\/v2\/pages\/5185\/revisions\/5231"}],"wp:attachment":[{"href":"https:\/\/centraldenegociosaraxa.com.br\/index.php?rest_route=%2Fwp%2Fv2%2Fmedia&parent=5185"}],"curies":[{"name":"wp","href":"https:\/\/api.w.org\/{rel}","templated":true}]}}